{"id":43500,"date":"2020-11-29T23:47:15","date_gmt":"2020-11-30T03:47:15","guid":{"rendered":"http:\/\/getyourfunon.com\/shop\/product\/blood-rage-mystics-of-midgard\/"},"modified":"2025-03-17T22:06:35","modified_gmt":"2025-03-18T02:06:35","slug":"blood-rage-mystics-of-midgard","status":"publish","type":"product","link":"https:\/\/getyourfunon.com\/shop\/product\/blood-rage-mystics-of-midgard\/","title":{"rendered":"Blood Rage: Mystics of Midgard"},"content":{"rendered":"","protected":false},"excerpt":{"rendered":"<p>Known by many names (Sei\u00f0menn, V\u00f6lva, V\u00edsendakona, etc.) and possessed of different powers granted by their connection to the gods, these warrior-shamans will be a boon to any clan able to recruit them!<\/p>\n<p>Mystics are special units (neither Warrior nor Monster) that players can only employ once they&#8217;ve given their clan one of the Mystic Clan Upgrades. Each of these Clan upgrades adds 1 Mystic figure to your clan&#8217;s reserves, which you can then use to Invade and battle normally. All Mystics have STR 2 and the special ability that allows them to Invade at no Rage cost. Clans are only able to recruit a maximum of 2 Mystics.<\/p>\n<p>Besides adding Mystics to your reserves, each of these Clan Upgrades grants your Mystics a special ability. If you collect several different upgrades, each of your Mystics will posses all the abilities you accumulated, making them incredibly resourceful and strategic additions to your clan!<\/p>\n","protected":false},"featured_media":43499,"template":"","meta":{"nf_dc_page":"","om_disable_all_campaigns":false,"ngg_post_thumbnail":0},"product_brand":[],"product_cat":[579],"product_tag":[],"class_list":{"0":"post-43500","1":"product","2":"type-product","3":"status-publish","4":"has-post-thumbnail","6":"product_cat-2-board-games","8":"first","9":"outofstock","10":"sale","11":"taxable","12":"shipping-taxable","13":"purchasable","14":"product-type-simple"},"jetpack_sharing_enabled":true,"_links":{"self":[{"href":"https:\/\/getyourfunon.com\/shop\/wp-json\/wp\/v2\/product\/43500","targetHints":{"allow":["GET"]}}],"collection":[{"href":"https:\/\/getyourfunon.com\/shop\/wp-json\/wp\/v2\/product"}],"about":[{"href":"https:\/\/getyourfunon.com\/shop\/wp-json\/wp\/v2\/types\/product"}],"wp:featuredmedia":[{"embeddable":true,"href":"https:\/\/getyourfunon.com\/shop\/wp-json\/wp\/v2\/media\/43499"}],"wp:attachment":[{"href":"https:\/\/getyourfunon.com\/shop\/wp-json\/wp\/v2\/media?parent=43500"}],"wp:term":[{"taxonomy":"product_brand","embeddable":true,"href":"https:\/\/getyourfunon.com\/shop\/wp-json\/wp\/v2\/product_brand?post=43500"},{"taxonomy":"product_cat","embeddable":true,"href":"https:\/\/getyourfunon.com\/shop\/wp-json\/wp\/v2\/product_cat?post=43500"},{"taxonomy":"product_tag","embeddable":true,"href":"https:\/\/getyourfunon.com\/shop\/wp-json\/wp\/v2\/product_tag?post=43500"}],"curies":[{"name":"wp","href":"https:\/\/api.w.org\/{rel}","templated":true}]}}